 y(x) = -x**3 + 5*x**2 + 8*x - 3. Determine y(a).
9
Suppose 0 = -3*d + 6. Let h(k) = -15*k**2 - 3*k + 3. Determine h(d).
-63
Let g be 16/(-40)*(330/(-12) - 0). Let m(p) = p**3 - 9*p**2 - 14*p - 19. Determine m(g).
69
Suppose -20*a = -30 - 90. Let r be -7*5/(-1 + a). Let b(c) = -c**3 - 8*c**2 - 6*c - 2. Give b(r).
-9
Let d(j) = 2*j - 4. Let t(x) = x. Let m = -118 - -123. Let n(q) = m*t(q) + d(q). What is n(-3)?
-25
Let l(p) = 9 - 5*p**3 + 3 + 4*p**3 - p - 2. Let q(j) = j**2 + 6*j + 9. Let i be q(-3). Suppose -5 = 5*w + 5*r, 2*w + r + 4*r + 5 = i. What is l(w)?
10
Let l = 8644 - 8638. Let h(n) = 11*n - 92. Give h(l).
-26
Suppose -5*v + 43 = 3*m, -2*v + 19 = 9. Let b(g) be the second derivative of g**5/20 - 7*g**4/12 + g**3 + 5*g**2/2 - 4*g. Calculate b(m).
5
Let l(s) = 69*s - 350. Let x = -8711 + 8716. Calculate l(x).
-5
Let c(i) = 7*i**2 - 2*i - 1. Suppose 28*o - 29*o = -2. Suppose -5*a + o*a + 11 = -m, -5*a + 24 = 4*m. Suppose a*u = -3*n + 1, 0*u - 3*u + 3 = 0. What is c(n)?
8
Let c(o) = 44*o - 235. Let d(n) = -133*n + 718. Let v(g) = 11*c(g) + 4*d(g). Give v(6).
-1
Let i = 8350 - 8337. Let o(q) = -q - 23. What is o(i)?
-36
Let z(t) = -422 - 443 + 866 + 4*t - 17*t**3. Calculate z(2).
-127
Let g(m) = -3*m**3 - 3*m**2 - 6212 + 2*m**3 + 6211. Calculate g(-3).
-1
Let n(x) be the second derivative of x**3 + 34 + x - 1/6*x**4 + 2*x**2. Calculate n(6).
-32
Let g(m) = 19*m**2 + 11*m + 2. Suppose -4*l - 4*y = 32, -4*l + 4*y - 6*y = 24. Let a(n) = -10*n**2 - 5*n - 1. Let b(o) = l*g(o) - 9*a(o). What is b(-1)?
14
Suppose 0 = 18*j + 199 + 90 + 53. Let n(g) = -g**3 - 19*g**2 + 4*g - 26. Determine n(j).
-102
Let q(n) = -n + 9. Let w be -2 + -1 - (8 + -11 + -3). Calculate q(w).
6
Let q = 80 - 40. Suppose 9*t = 5*z + 4*t + q, -26 = z + 5*t. Let o(j) = 5*j + 50. Let l be o(z). Let h(a) = -a**3 - 5*a**2 + a - 7. Give h(l).
-12
Let a(v) = 2*v + 81. Suppose 81*k = -36*k - 18*k - 4860. Determine a(k).
9
Let n(v) be the first derivative of v**5/10 - v**4/12 + v**3/3 + v**2 - 59*v - 51. Let o(i) be the second derivative of n(i). What is o(2)?
22
Let b(w) = -w**3 + 4*w**2 - w + 5. Suppose 27*u - 18*u - 3114 = 0. Let d = u - 341. What is b(d)?
-25
Let j = -4144 - -4137. Let w(i) = -i**2 - 7*i + 5. Give w(j).
5
Let c(p) = -p**3 + 6*p**2 - 6*p + 16. Let k be (6/27*-6)/(2*(-33)/297). Calculate c(k).
-20
Let f(z) = -z**2 - 8*z + 25. Let y = -688 + 678. What is f(y)?
5
Let n(b) = -2*b**3 - 2*b**2 - 2. Let q(d) = d**3 - d**2 - d - 2. Suppose -5*h + 3 = 8. Let u(p) = h*n(p) - q(p). What is u(-3)?
1
Let q(f) = -5*f**2 - 3. Let a(b) = 256*b + 6396. Let d be a(-25). Calculate q(d).
-83
Let h(r) = -2*r**2 - 2. Let l(u) = -14*u**2 + 8*u - 9. Let c = -319 - -318. Let m(z) = c*l(z) + 6*h(z). Determine m(6).
21
Suppose -5*g + 15 + 15 = 0. Let o(r) = -571*r - 6. Let v(p) = 1618*p + 17. Let z(w) = 17*o(w) + 6*v(w). Calculate z(g).
6
Let m(s) = s**2 + 3*s - 47. Let z(u) = -2*u**3 + 8*u**2 - 185*u + 543. Let q be z(3). Determine m(q).
7
Suppose -488 = -61*y + 57*y. Let g = -109 + y. Let h(a) = a - 8. What is h(g)?
5
Suppose -124*b + 424 - 52 = 0. Let p(r) be the third derivative of 0 + 0*r**4 + 0*r**b - 9*r**2 - 1/30*r**5 + 0*r. What is p(2)?
-8
Suppose -15*q = 6*q - 42. Let n(y) = y**3 - q*y**3 + 8 - 2*y**2 - 9 + 5*y + 0*y**2. Calculate n(-4).
11
Let j(s) = -s**2 - 5*s + 5. Let n(c) = -4 + 4*c - 6*c**2 + 5*c**2 + 2*c**2. Let o = -135 + 132. Let u(z) = o*j(z) - 4*n(z). Calculate u(4).
-19
Let u(o) = -o**2 + 10*o - 7. Let w be ((-56)/24)/(63/(-162)). Calculate u(w).
17
Suppose 0 = -5*t + 10, 4*d + 6*t - 3*t + 18 = 0. Let o(v) = -10*v + 2*v - 5*v**2 - 2 + 4*v**2. Determine o(d).
10
Let k = -80 - -80. Suppose 51 = -5*b + 3*r, 48 = -5*b + 4*r - k. Let u(p) = p**2 + 11*p - 19. Let y be u(b). Let i(n) = -n**2 - 6*n + 9. Calculate i(y).
2
Suppose 2*g + 78 - 69 = s, -s = -5. Let p(v) = 5*v - 4. Let o(f) = f - 1. Let l(m) = 3*o(m) - p(m). Calculate l(g).
5
Let r(b) = -2*b + 3. Let x(o) = -3*o. Let g be x(-1). Suppose -5*q = -n - 58, 6*n = -g*q + 3*n + 42. Suppose q = -c + 16. Calculate r(c).
-5
Let h(o) = -48102*o + 48111*o - 5*o**2 + 2 + 4*o**2. Determine h(8).
10
Suppose -c + 18 = -5*o, -77 = -4*c + o + 71. Let b(x) = 5 + 46*x**3 - 5*x**2 + x - 83*x**3 + c*x**3. Let k be (-33)/11*(-4)/3. Determine b(k).
-7
Suppose -3*u - 98 = -5*w, -2*u - u - 5*w = 58. Let g = -20 - u. Let n be (-4)/(-5)*5*g/(-4). Let h(m) = m**3 + 7*m**2 + 6*m - 7. Give h(n).
-7
Let s(i) = 2*i**2 + 19*i - 35. Let f(b) = -708*b + 697. Let a be f(1). What is s(a)?
-2
Let x(c) = -c + 2. Suppose 278*u - 720 = 284*u. Let i be -2 + 50/12 + 20/u. Determine x(i).
0
Let w be (138/115)/((-6)/(-70)). Let l = -20 + w. Let p(h) = h - 2*h + 3*h - 3*h - 4. Calculate p(l).
2
Let g = -2 - 2. Let v(r) = 25*r + 89 - 9*r - 12*r - 35 - 34 - 19. Give v(g).
-15
Let q = 0 + 0. Suppose 6*y - 402 = -216. Let x(h) = h + 13 + 16 - y. Give x(q).
-2
Let a(o) = o**2 + 27*o - 76. Let j be a(-30). Suppose -28*g = j*g - 252. Let r(b) = -b + 15. Give r(g).
9
Suppose -2*t - 13 = -3*a + 7, 5*a - 16 = -t. Suppose 0 = -0*k + a*k - 108. Let i = k - 26. Let f(b) = -b + 1. Give f(i).
0
Let t(g) = g**3 - 2*g**2 - 2*g + 3. Let s(f) = -f**2 + 9*f - 4. Let p be (105/(-20) + 6)*(-16)/(-2). Let h be s(p). Suppose 8*l - 38 = -h. What is t(l)?
6
Let b(w) = -18*w - 27*w + 7 + 78*w - 32*w - 4. Suppose 4*y + 26 + 14 = 0. Let l = y + 5. Give b(l).
-2
Let b(m) = 2*m - 27. Let y be (135/80)/((-6)/(-40)) + 24/32. Calculate b(y).
-3
Suppose 0 = 5*q + o - 3, 0*q - 5*o = -2*q - 15. Let n(y) = -3*y**3 + y**2 - 5*y + 19. Let k(h) = -h**3 + h**2 - 3*h - 2. Let a(j) = -2*k(j) + n(j). Give a(q).
23
Let s(r) = 6*r - 3. Let b(v) = 3*v - 1. Let i(t) = -4*b(t) + s(t). Let u(n) = 5*n**2 - 3*n - 6. Let p be u(-7). Let k be p/(-160) + (-6)/16. What is i(k)?
13
Let o(z) = 13*z**2 - 2*z. Let y(x) = x**2 - 4*x + 1. Let v be y(3). Let b be o(v). Let h = b + -53. Let a(r) = -r**2 - 2. What is a(h)?
-11
Let l(h) be the second derivative of -h**5/10 + 3*h**4 - 16*h**3/3 - 29*h**2/2 + h + 962. Determine l(17).
5
Let i = 7 + -4. Suppose 3*j = -i*j - 6. Let w(p) = p**2 - 17*p**3 + p + 2*p - 2*p + p**2. Give w(j).
18
Suppose 4*v - 2*v = -2*f + 14, 5*f + 5 = 3*v. Suppose -12 = 4*g - 5*r, 3*g + 4*r = -f*g - 15. Let n(b) = 2*b - b - 1 - 5*b. Calculate n(g).
11
Let f(p) = -p**3 - p + 1. Let u(z) = z**3 - 9*z**2 - z + 8. Let c be u(9). Let b be 6/2*1*c/(-3). Calculate f(b).
-1
Let j be (2/(-4))/((-18)/396). Let d(q) be the third derivative of -q**6/120 + q**5/5 - 11*q**4/24 - 5*q**3/3 + 2*q**2 + 24*q. Determine d(j).
-10
Let w(r) be the second derivative of -r**7/1260 - r**6/48 + r**5/60 + 23*r**4/6 + 2*r + 8. Let n(a) be the third derivative of w(a). Give n(-8).
-6
Suppose -5*a + 44 = r, -a = 5*r - 4*r - 12. Let c be -5 + a - (0 + 3 + 7). Let b(t) = 2626 + 2*t - 2626. Calculate b(c).
-14
Let k(m) be the second derivative of -17*m**3/6 + 85*m**2/2 + 1045*m. What is k(6)?
-17
Let j(a) be the second derivative of 3*a**5/20 - a**3/2 + 3*a**2/2 + a + 30. Let f(s) = -s - 4. Let i be f(-6). Determine j(i).
21
Let h(a) = 3*a**2 - 16*a + 37. Let c(i) = 273*i - 544. Let g be c(2). Give h(g).
17
Let k(b) = -b**2 + 13*b + 28. Suppose -5*l = -4*x - 10*l + 45, -5*l - 15 = 0. Determine k(x).
-2
Let y(d) = -d**3 + 3*d**2 - d + 4. Let n be (-30)/26 + 30/195. Let i be 7/28 + (9/12 - n). Suppose 5*a = w + 18, i*a = w + w + 12. Determine y(a).
1
Let f be (2*(-2)/20)/((-300)/7500). Suppose -9 + 3 = -3*d. Let x(k) = d*k**3 - 5*k**2 + 6 + k - 4*k**3 + 3*k**3. Calculate x(f).
11
Let c be -6*(-5)/(30/2). Suppose -4*y + 4*z = 28, c*y + z = 6*z - 23. Let i(a) = a**3 + 4*a**2 - 4. What is i(y)?
-4
Let d(y) = -2*y**2 - y - 1. Let w = -127 + 115. Let p = -15 - w. Give d(p).
-16
Let n(y) = 1. Suppose 4*h + 0*h - 16 = 0. Let w(g) = -7*g - 52 + 54 + 11*g - 6*g. Let f(r) = h*n(r) - w(r). Give f(4).
10
Let a(l) = -7*l + 1 - 5*l + 17*l - 8*l. Let k(y) be the first derivative of -y**2/2 - y + 4. Let j(r) = a(r) - 4*k(r). What is j(-7)?
-2
Suppose -109*u + 108*u + 8 = 0. Let b(s) = -s + u*s + s + s + 7*s. Give b(1).
16
Let a be 30/(-9)*264/(-110). Let f(n) = -2 - a + 7*n**2 + n**3 + 7 - 1 - 8*n. Determine f(-8).
-4
Suppose -u - b - 12 = -5*b, -16 = -4*b. Suppose 0 = t - u*j, 5*j = -6 - 4. Let x(z) = -z + 3. Give x(t).
11
Let o(r) = r**2. Let d